s 61 - 136814?
-136743
In base 7, what is -2322 - -1244060?
1241435
In base 11, what is -46a490405 - 0?
-46a490405
In base 5, what is -10123 - 1202023?
-1212201
In base 8, what is -2467 + 36051?
33362
In base 2, what is 1001011000110011110001110 + 11?
1001011000110011110010001
In base 13, what is 16c7a6 + b?
16c7b4
In base 2, what is 110100101100010101100 - -101110?
110100101100011011010
In base 15, what is -5 - 1323ee26?
-1323ee2b
In base 10, what is -31953679 + 0?
-31953679
In base 2, what is 111100000010000111100010 - 11?
111100000010000111011111
In base 14, what is -15996 + -15?
-159ab
In base 2, what is -100001101101000100010101 - -1?
-100001101101000100010100
In base 12, what is -192973a - -5?
-1929735
In base 4, what is 2322302311322 - 100?
2322302311222
In base 16, what is -604 + -3cda6?
-3d3aa
In base 9, what is -2136 + 412?
-1624
In base 15, what is 8 + 1cb23a?
1cb243
In base 3, what is -22 - 10110101012120?
-10110101012212
In base 12, what is 10363239 - 3?
10363236
In base 15, what is 5 - -201800?
201805
In base 15, what is 3679c3 - 0?
3679c3
In base 4, what is -1122010001301 + -1?
-1122010001302
In base 16, what is 6367527 - 2?
6367525
In base 13, what is -2b - 446b?
-4499
In base 8, what is 24512 + 2502?
27214
In base 3, what is -111 - -100021021211?
100021021100
In base 3, what is -201212000010012 - 1110?
-201212000011122
In base 15, what is dd5eb6 - 3?
dd5eb3
In base 2, what is -1 - -1100011010000101011000?
1100011010000101010111
In base 3, what is 2210202110 + -1000202?
2202201201
In base 8, what is 304 - -163277?
163603
In base 5, what is 1 + -10300343412?
-10300343411
In base 13, what is -9c1 + -26571c?
-266410
In base 13, what is -18 + 15cb21?
15cb06
In base 5, what is 244222 - 1333?
242334
In base 9, what is -17806585 - -11?
-17806574
In base 2, what is 100011001000100 + 1101000000110?
110000001001010
In base 3, what is 2 + -20111002121000?
-20111002120221
In base 12, what is 307b26 - -1?
307b27
In base 5, what is -2 + -23441022022?
-23441022024
In base 8, what is 51 - -643512?
643563
In base 9, what is -8 - 886880?
-886888
In base 15, what is -2 + 71cd963?
71cd961
In base 2, what is 1001101011101 - 10100100010111110?
-10011010101100001
In base 7, what is -2 - 116124352?
-116124354
In base 9, what is -8768 - 716?
-10585
In base 15, what is 136d + -9?
1364
In base 9, what is 5820307 + 10?
5820317
In base 14, what is cd9a - 127?
cc73
In base 7, what is -136266346 - -3?
-136266343
In base 9, what is 218246 - -412?
218658
In base 4, what is -233201 - -12033332?
11200131
In base 14, what is -18171a9 - -b?
-181719c
In base 5, what is 102322121 + 4?
102322130
In base 8, what is 0 - -6246541?
6246541
In base 16, what is -7 + -1ae2c1?
-1ae2c8
In base 10, what is 1204 + 12661?
13865
In base 11, what is -2 - -104aa109?
104aa107
In base 12, what is -5 - 3035632?
-3035637
In base 8, what is 36456056 + 172?
36456250
In base 2, what is 111100 - 100001001001111011?
-100001001000111111
In base 14, what is -3d78 - b48?
-4ac2
In base 5, what is -1 + 311431213?
311431212
In base 10, what is -26938 - 21?
-26959
In base 14, what is -9a68 - -b6b?
-8cdb
In base 5, what is -333 - 42214042?
-42214430
In base 6, what is -2001132222 + 2?
-2001132220
In base 7, what is -2230456 - -1?
-2230455
In base 4, what is 223003010 + 10201?
223013211
In base 3, what is -112210011011210 - 102?
-112210011012012
In base 5, what is 4 - -1202110?
1202114
In base 10, what is -974 + 4114?
3140
In base 9, what is -217508 + -842?
-218451
In base 16, what is -357a + -16cd?
-4c47
In base 2, what is -100110 - -101001010000011011?
101001001111110101
In base 9, what is 55130 - -123?
55253
In base 10, what is 1 - 161415351?
-161415350
In base 3, what is 100000122200200101 - -1?
100000122200200102
In base 13, what is 130a7 + 492?
13569
In base 4, what is -100113221010 - 0?
-100113221010
In base 14, what is -3d - -31401?
313a2
In base 8, what is 12541121 - 3?
12541116
In base 7, what is 2025 - -23440?
25465
In base 13, what is 5 + -702867c?
-7028677
In base 2, what is -11 + -1111011011111010110000?
-1111011011111010110011
In base 5, what is 13 + 1333402201?
1333402214
In base 15, what is -3 + 2736a8b?
2736a88
In base 11, what is 1729 - -10121a?
102948
In base 9, what is 2 - 7602728?
-7602726
In base 6, what is -405 + -1040504?
-1041313
In base 16, what is -70 - 1e190?
-1e200
In base 4, what is 3 - 311103201?
-311103132
In base 8, what is 0 - -171322?
171322
In base 3, what is -102211 - -100202122?
100022211
In base 6, what is 22255 + 101051?
123350
In base 2, what is -1111010001110011000110101 + -10?
-1111010001110011000110111
In base 10, what is -7 + 1269647?
1269640
In base 5, what is 110203123 + -20?
110203103
In base 3, what is -1021 + 11102110222200?
11102110221102
In base 9, what is 577510123 + 1?
577510124
In base 9, what is 4625 - 4022?
603
In base 11, what is -33 + -a373654?
-a373687
In base 3, what is 2202022220 - 1012110?
2201010110
In base 16, what is 24c + -1d3ab?
-1d15f
In base 2, what is -11111101011101001 + -110010?
-11111101100011011
In base 11, what is 11 + -6a69437?
-6a69426
In base 11, what is -308163 - 7?
-30816a
In base 8, what is 116267 + 27145?
145434
In base 13, what is -19314 + -41c?
-19733
In base 9, what is 0 + 66725652?
66725652
In base 4, what is -23203203112132 - 10?
-23203203112202
In base 11, what is -11650 - 14956?
-264a6
In base 2, what is -10010001 - -1100100001001111101?
1100100000111101100
In base 2, what is 10000001110011000001001000 - -1?
10000001110011000001001001
In base 15, what is -d17296c - 1?
-d17296d
In base 11, what is -30 + 991556?
991526
In base 6, what is -2 - -4042523222?
4042523220
In base 2, what is 11010111111100100 - -111011?
11011000000011111
In base 9, what is 36750 + 1680?
38540
In base 13, what is -4844738c - 0?
-4844738c
In base 3, what is 11 + 111210222102121?
111210222102202
In base 15, what is -4 + -3380097?
-338009b
In base 14, what is -5 + 1a2987a6?
1a2987a1
In base 14, what is 146 + a682?
a7c8
In base 10, what is 642 + 33257?
33899
In base 15, what is -91 - 311c6?
-31267
In base 13, what is 16 + -26cc2b3?
-26cc29a
In base 7, what is 1154113 + 101?
1154214
In base 4, what is -11 + -11323322313321?
-11323322313332
In base 15, what is 3218c4 - 127?
32179c
In base 2, what is 101100111000100001001011111 - 110?
101100111000100001001011001
In base 12, what is 1998a18 + 1?
1998a19
In base 2, what is -11010001110000 + 1100000101?
-11000101101011
In base 9, what is 8 - 5805322?
-5805313
In base 16, what is 153 + -384a?
-36f7
In base 5, what is 3 + -20304204042?
-20304204034
In base 9, what is -137738 - 247?
-138086
In base 10, what is -48 - 600690?
-600738
In base 11, what is -49 + 3a7619?
3a7580
In base 3, what is 10122010 - -2011001212?
2021200222
In base 3, what is -11 - -102200202200200?
102200202200112
In base 6, what is 5 - 312554233?
-312554224
In base 8, what is -130475 + 4160?
-124315
In base 13, what is -32aab6 + 4?
-32aab2
In base 2, what is -1011100 + 11111010111110010?
11111010110010110
In base 2, what is 101111001111100 + 1110001001?
110001000000101
In base 13, what is 6218 + -1916?
4602
In base 8, what is -1063 + 65523?
64440
In base 4, what is 12 - -212213120?
212213132
In base 7, what is -213 + -1144311?
-1144524
In base 3, what is 10110 + 122121020121?
122121101001
In base 6, what is 21 + 201531143?
201531204
In base 12, what is -24257 - -1540?
-22917
In base 14, what is -554551 - 12?
-554563
In base 4, what is -23001 - -1102221110?
1102132103
In base 16, what is -704b - 322?
-736d
In base 6, what is -3 - -22021124513?
22021124510
In base 3, what is -102 + -200210010200100?
-200210010200202
In base 5, what is 10 - 1004014233?
-1004014223
In base 14, what is a9c5 - c047?
-1462
In base 15, what is 12 + be1b2?
be1c4
In base 6, what is -1114043 - -5?
-1114034
In base 14, what is -3957 - 89d?
-4416
In base 12, what is -2151 - 9301?
-b452
In base 10, what is -4712 - -99?
-4613
In base 13, what is 9933 + -1662?
82a1
In base 14, what is -543 - -1742?
11dd
In base 15, what is 4 - 1e1d166?
-1e1d162
In base 15, what is -a0d8447 - 0?
-a0d8447
In base 13, what is 3a - -1362696?
1362703
In base 3, what is 2010200 - 22222101010?
-22220020110
In base 12, what is -7949a + -143?
-79621
In base 10, what is 739 - 972981?